 is the remainder when 2777 is divided by 194?
61
What is the remainder when 55049 is divided by 15?
14
Calculate the remainder when 60619 is divided by 892.
855
Calculate the remainder when 63612 is divided by 146.
102
What is the remainder when 167414 is divided by 41852?
6
Calculate the remainder when 4897 is divided by 933.
232
What is the remainder when 14053 is divided by 31?
10
What is the remainder when 1404 is divided by 67?
64
What is the remainder when 3326 is divided by 160?
126
Calculate the remainder when 116748 is divided by 38872.
132
Calculate the remainder when 866581 is divided by 13755.
16
What is the remainder when 1960 is divided by 12?
4
What is the remainder when 1099 is divided by 137?
3
What is the remainder when 233266 is divided by 51?
43
What is the remainder when 13272 is divided by 415?
407
What is the remainder when 23144 is divided by 665?
534
Calculate the remainder when 59202 is divided by 913.
770
Calculate the remainder when 41214 is divided by 184.
182
What is the remainder when 16975 is divided by 5649?
28
Calculate the remainder when 5454 is divided by 299.
72
What is the remainder when 355147 is divided by 38?
37
What is the remainder when 55899 is divided by 100?
99
Calculate the remainder when 3481 is divided by 1468.
545
Calculate the remainder when 14516 is divided by 121.
117
What is the remainder when 52636 is divided by 93?
91
What is the remainder when 950467 is divided by 39?
37
What is the remainder when 309247 is divided by 61849?
2
What is the remainder when 134355 is divided by 29?
27
Calculate the remainder when 6551712 is divided by 15.
12
Calculate the remainder when 1535254 is divided by 695.
694
What is the remainder when 54397 is divided by 320?
317
What is the remainder when 163195 is divided by 192?
187
What is the remainder when 1517 is divided by 120?
77
What is the remainder when 34390 is divided by 719?
597
What is the remainder when 2388 is divided by 151?
123
Calculate the remainder when 526082 is divided by 99.
95
What is the remainder when 2286 is divided by 706?
168
What is the remainder when 206 is divided by 52?
50
Calculate the remainder when 7946 is divided by 1984.
10
Calculate the remainder when 2263 is divided by 2048.
215
What is the remainder when 114296 is divided by 18?
14
Calculate the remainder when 14167 is divided by 14166.
1
Calculate the remainder when 58971 is divided by 29482.
7
Calculate the remainder when 278749 is divided by 45.
19
What is the remainder when 3092 is divided by 181?
15
Calculate the remainder when 3654 is divided by 895.
74
What is the remainder when 11070 is divided by 1382?
14
Calculate the remainder when 69431 is divided by 482.
23
What is the remainder when 227235 is divided by 220?
195
What is the remainder when 539677 is divided by 51?
46
What is the remainder when 20588 is divided by 18?
14
Calculate the remainder when 9406 is divided by 33.
1
What is the remainder when 73001 is divided by 346?
341
Calculate the remainder when 13831 is divided by 52.
51
Calculate the remainder when 619 is divided by 22.
3
What is the remainder when 215448 is divided by 5?
3
What is the remainder when 73773 is divided by 127?
113
What is the remainder when 16834 is divided by 361?
228
What is the remainder when 844 is divided by 414?
16
Calculate the remainder when 2547 is divided by 346.
125
Calculate the remainder when 26286 is divided by 106.
104
Calculate the remainder when 16272 is divided by 907.
853
What is the remainder when 1749 is divided by 128?
85
Calculate the remainder when 13345 is divided by 4447.
4
Calculate the remainder when 3401 is divided by 132.
101
What is the remainder when 2707 is divided by 469?
362
Calculate the remainder when 2419 is divided by 1142.
135
What is the remainder when 75995 is divided by 459?
260
What is the remainder when 43392 is divided by 14462?
6
Calculate the remainder when 2829 is divided by 2541.
288
Calculate the remainder when 12913 is divided by 192.
49
What is the remainder when 1196551 is divided by 929?
928
Calculate the remainder when 862 is divided by 739.
123
What is the remainder when 382669 is divided by 76530?
19
Calculate the remainder when 1967 is divided by 888.
191
What is the remainder when 239481 is divided by 17?
2
What is the remainder when 8101 is divided by 125?
101
Calculate the remainder when 223509 is divided by 67.
64
What is the remainder when 404 is divided by 238?
166
What is the remainder when 7956079 is divided by 11?
10
What is the remainder when 2272 is divided by 143?
127
What is the remainder when 90466 is divided by 12?
10
Calculate the remainder when 3802 is divided by 263.
120
Calculate the remainder when 30164 is divided by 815.
9
What is the remainder when 47436 is divided by 1286?
1140
What is the remainder when 126354 is divided by 2?
0
Calculate the remainder when 36626 is divided by 85.
76
What is the remainder when 8092 is divided by 112?
28
What is the remainder when 19731 is divided by 1?
0
What is the remainder when 2746 is divided by 1324?
98
Calculate the remainder when 29094 is divided by 82.
66
Calculate the remainder when 2236 is divided by 497.
248
What is the remainder when 15967 is divided by 5321?
4
What is the remainder when 742 is divided by 229?
55
Calculate the remainder when 488258 is divided by 17437.
22
What is the remainder when 679 is divided by 187?
118
What is the remainder when 3667 is divided by 47?
1
What is the remainder when 1256 is divided by 401?
53
What is the remainder when 1383188 is divided by 461053?
29
Calculate the remainder when 7967 is divided by 91.
50
Calculate the remainder when 11780 is divided by 49.
20
What is the remainder when 15950 is divided by 369?
83
Calculate the remainder when 16956 is divided by 3390.
6
What is the remainder when 9557 is divided by 258?
11
Calculate the remainder when 19823 is divided by 5796.
2435
Calculate the remainder when 8306 is divided by 1366.
110
What is the remainder when 526 is divided by 257?
12
What is the remainder when 10245 is divided by 2561?
1
What is the remainder when 51147 is divided by 64?
11
What is the remainder when 20015 is divided by 28?
23
What is the remainder when 5626 is divided by 5589?
37
Calculate the remainder when 481838 is divided by 380.
378
What is the remainder when 611 is divided by 183?
62
What is the remainder when 514 is divided by 430?
84
Calculate the remainder when 15683 is divided by 449.
417
What is the remainder when 3403 is divided by 103?
4
What is the remainder when 13345 is divided by 4431?
52
Calculate the remainder when 12168 is divided by 144.
72
Calculate the remainder when 10430 is divided by 171.
170
What is the remainder when 67327 is divided by 22?
7
What is the remainder when 15731 is divided by 930?
851
What is the remainder when 9336 is divided by 110?
96
What is the remainder when 38302 is divided by 1532?
2
Calculate the remainder when 10749 is divided by 168.
165
Calculate the remainder when 88861 is divided by 4038.
25
What is the remainder when 273307 is divided by 13014?
13
What is the remainder when 12022 is divided by 32?
22
What is the remainder when 607786 is divided by 164?
2
Calculate the remainder when 10520399 is divided by 1483.
1480
What is the remainder when 142428 is divided by 305?
298
Calculate the remainder when 33701 is divided by 48.
5
What is the remainder when 547 is divided by 151?
94
What is the remainder when 42145 is divided by 21006?
133
Calculate the remainder when 60171 is divided by 298.
273
Calculate the remainder when 192881 is divided by 366.
365
Calculate the remainder when 21060 is divided by 2339.
9
What is the remainder when 213406 is divided by 912?
910
What is the remainder when 25367 is divided by 1335?
2
What is the remainder when 4739 is divided by 802?
729
What is the remainder when 4477 is divided by 444?
37
Calculate the remainder when 2205 is divided by 122.
9
Calculate the remainder when 4567 is divided by 23.
13
What is the remainder when 1217 is divided by 525?
167
Calculate the remainder when 4563 is divided by 254.
245
Calculate the remainder when 10950 is divided by 2155.
175
What is the remainder when 1350804 is divided by 1350804?
0
Calculate the remainder when